{"id":858,"date":"2024-10-08T16:12:12","date_gmt":"2024-10-08T14:12:12","guid":{"rendered":"https:\/\/texerv.com\/wordpressdev\/?page_id=858"},"modified":"2025-07-30T10:57:34","modified_gmt":"2025-07-30T08:57:34","slug":"bremskraftverstaerker","status":"publish","type":"page","link":"https:\/\/www.texerv.com\/wordpressdev\/bremskraftverstaerker\/","title":{"rendered":"Bremskraftverst\u00e4rker"},"content":{"rendered":"<style>.kb-row-layout-id858_4550eb-94 > .kt-row-column-wrap{align-content:center;}:where(.kb-row-layout-id858_4550eb-94 > .kt-row-column-wrap) > .wp-block-kadence-column{justify-content:center;}.kb-row-layout-id858_4550eb-94 > .kt-row-column-wrap{column-gap:var(--global-kb-gap-md, 2rem);row-gap:var(--global-kb-gap-md, 2rem);padding-top:var(--global-kb-spacing-sm, 1.5rem);padding-bottom:var(--global-kb-spacing-xxl, 5rem);grid-template-columns:minmax(0, 2fr) minmax(0, 1fr);}.kb-row-layout-id858_4550eb-94{background-image:url('https:\/\/texerv.com\/wordpressdev\/wp-content\/uploads\/2024\/10\/customkey.png');background-size:cover;background-position:50% 34%;background-attachment:scroll;background-repeat:no-repeat;}.kb-row-layout-id858_4550eb-94 > .kt-row-layout-overlay{opacity:0.30;}@media all and (max-width: 1024px){.kb-row-layout-id858_4550eb-94 > .kt-row-column-wrap{grid-template-columns:minmax(0, 2fr) minmax(0, 1fr);}}@media all and (max-width: 767px){.kb-row-layout-id858_4550eb-94 > .kt-row-column-wrap{grid-template-columns:minmax(0, 1fr);}}<\/style><div class=\"kb-row-layout-wrap kb-row-layout-id858_4550eb-94 alignnone kt-row-has-bg wp-block-kadence-rowlayout\"><div class=\"kt-row-column-wrap kt-has-2-columns kt-row-layout-left-golden kt-tab-layout-inherit kt-mobile-layout-row kt-row-valign-middle\">\n<style>.kadence-column858_8e5b5a-bd > .kt-inside-inner-col,.kadence-column858_8e5b5a-bd > .kt-inside-inner-col:before{border-top-left-radius:0px;border-top-right-radius:0px;border-bottom-right-radius:0px;border-bottom-left-radius:0px;}.kadence-column858_8e5b5a-bd > .kt-inside-inner-col{column-gap:var(--global-kb-gap-sm, 1rem);}.kadence-column858_8e5b5a-bd > .kt-inside-inner-col{flex-direction:column;}.kadence-column858_8e5b5a-bd > .kt-inside-inner-col > .aligncenter{width:100%;}.kadence-column858_8e5b5a-bd > .kt-inside-inner-col:before{opacity:0.3;}.kadence-column858_8e5b5a-bd{position:relative;}@media all and (max-width: 1024px){.kadence-column858_8e5b5a-bd > .kt-inside-inner-col{flex-direction:column;justify-content:center;}}@media all and (max-width: 767px){.kadence-column858_8e5b5a-bd > .kt-inside-inner-col{flex-direction:column;justify-content:center;}}<\/style>\n<div class=\"wp-block-kadence-column kadence-column858_8e5b5a-bd\"><div class=\"kt-inside-inner-col\"><\/div><\/div>\n\n\n<style>.kadence-column858_d9f8ae-03 > .kt-inside-inner-col,.kadence-column858_d9f8ae-03 > .kt-inside-inner-col:before{border-top-left-radius:0px;border-top-right-radius:0px;border-bottom-right-radius:0px;border-bottom-left-radius:0px;}.kadence-column858_d9f8ae-03 > .kt-inside-inner-col{column-gap:var(--global-kb-gap-sm, 1rem);}.kadence-column858_d9f8ae-03 > .kt-inside-inner-col{flex-direction:column;}.kadence-column858_d9f8ae-03 > .kt-inside-inner-col > .aligncenter{width:100%;}.kadence-column858_d9f8ae-03 > .kt-inside-inner-col:before{opacity:0.3;}.kadence-column858_d9f8ae-03{position:relative;}@media all and (max-width: 1024px){.kadence-column858_d9f8ae-03 > .kt-inside-inner-col{flex-direction:column;justify-content:center;}}@media all and (max-width: 767px){.kadence-column858_d9f8ae-03 > .kt-inside-inner-col{flex-direction:column;justify-content:center;}}<\/style>\n<div class=\"wp-block-kadence-column kadence-column858_d9f8ae-03\"><div class=\"kt-inside-inner-col\"><\/div><\/div>\n\n<\/div><\/div>\n\n\n<h2 class=\"wp-block-heading has-text-align-center\">Hydraulische Bremskraftverst\u00e4rker<\/h2>\n\n\n<div class=\"wp-block-image\">\n<figure class=\"aligncenter size-full is-resized\"><img loading=\"lazy\" decoding=\"async\" width=\"600\" height=\"398\" src=\"https:\/\/texerv.com\/wordpressdev\/wp-content\/uploads\/2024\/10\/BKV.jpg\" alt=\"\" class=\"wp-image-725\" style=\"width:344px;height:auto\" srcset=\"https:\/\/www.texerv.com\/wordpressdev\/wp-content\/uploads\/2024\/10\/BKV.jpg 600w, https:\/\/www.texerv.com\/wordpressdev\/wp-content\/uploads\/2024\/10\/BKV-300x199.jpg 300w\" sizes=\"auto, (max-width: 600px) 100vw, 600px\" \/><\/figure>\n<\/div>\n\n\n<p style=\"margin-right:var(--wp--preset--spacing--60);margin-left:var(--wp--preset--spacing--60)\">Aufleuchtende Druckwarnlampen k\u00f6nnen von einem undichten Bremskraftverst\u00e4rker (BKV) verursacht werden. Druckabbau und eingeschr\u00e4nkte Bremshilfe sind die Folgen.<\/p>\n\n\n\n<p class=\"has-text-align-left\" style=\"margin-right:var(--wp--preset--spacing--60);margin-left:var(--wp--preset--spacing--60)\">Hydraulische Bremskraftverst\u00e4rker sind meist langlebige Bauteile und selten die Ursache von Fehlfunktionen. \u00d6fter liegt das Problem beim <a href=\"https:\/\/texerv.com\/wordpressdev\/bremshydraulik\/\">Bremsdruckspeicher<\/a>. Eine \u00dcberpr\u00fcfung des BKV kann am Fahrzeug durchgef\u00fchrt werden. Ist kein \u00e4u\u00dferlicher \u00d6lverlust zum Hauptbremszylinder oder Bremspedal hin erkennbar, muss der R\u00fccklauf des BKV gepr\u00fcft werden. Dazu nach ca. zwei Minuten im Leerlauf den Motor abstellen. Das Bremspedal nicht bet\u00e4tigen. Nun die R\u00fccklaufleitung zum \u00d6lbeh\u00e4lter direkt am BKV abnehmen. Aus dem R\u00fccklaufanschluss des BKV darf jetzt kein \u00d6l in gr\u00f6\u00dferer Menge austreten. Nur Tr\u00f6pfchenmengen sind zul\u00e4ssig. Rinnt oder spritzt Hydraulik\u00f6l aus dem R\u00fccklauf, ist der BKV defekt und muss ausgetauscht oder instandgesetzt werden. Eine Reparatur ist in vielen F\u00e4llen m\u00f6glich.<\/p>\n\n\n\n<p style=\"margin-right:var(--wp--preset--spacing--60);margin-left:var(--wp--preset--spacing--60)\">Wichtig: Ist der Bremskraftverst\u00e4rker defekt, kann der Zustand des Druckspeichers nicht im Fahrzeug \u00fcberpr\u00fcft werden.<\/p>\n\n\n\n<h3 class=\"wp-block-heading has-text-align-center\" style=\"text-transform:none\">Wir reparieren hydraulische Bremskraftverst\u00e4rker f\u00fcr Audi Typ44, V8, C4 und Quattro<\/h3>\n\n\n\n<h2 class=\"wp-block-heading has-text-align-center\">Bremskraftregler<\/h2>\n\n\n<div class=\"wp-block-image\">\n<figure class=\"aligncenter size-full is-resized\"><img loading=\"lazy\" decoding=\"async\" width=\"600\" height=\"398\" src=\"https:\/\/www.texerv.com\/wordpressdev\/wp-content\/uploads\/2025\/07\/BKR-BFR-1.jpg\" alt=\"\" class=\"wp-image-1651\" style=\"width:460px;height:auto\" srcset=\"https:\/\/www.texerv.com\/wordpressdev\/wp-content\/uploads\/2025\/07\/BKR-BFR-1.jpg 600w, https:\/\/www.texerv.com\/wordpressdev\/wp-content\/uploads\/2025\/07\/BKR-BFR-1-300x199.jpg 300w\" sizes=\"auto, (max-width: 600px) 100vw, 600px\" \/><\/figure>\n<\/div>\n\n<style>.kadence-column858_fad61b-8a > .kt-inside-inner-col,.kadence-column858_fad61b-8a > .kt-inside-inner-col:before{border-top-left-radius:0px;border-top-right-radius:0px;border-bottom-right-radius:0px;border-bottom-left-radius:0px;}.kadence-column858_fad61b-8a > .kt-inside-inner-col{column-gap:var(--global-kb-gap-sm, 1rem);}.kadence-column858_fad61b-8a > .kt-inside-inner-col{flex-direction:column;}.kadence-column858_fad61b-8a > .kt-inside-inner-col > .aligncenter{width:100%;}.kadence-column858_fad61b-8a > .kt-inside-inner-col:before{opacity:0.3;}.kadence-column858_fad61b-8a{position:relative;}@media all and (max-width: 1024px){.kadence-column858_fad61b-8a > .kt-inside-inner-col{flex-direction:column;justify-content:center;}}@media all and (max-width: 767px){.kadence-column858_fad61b-8a > .kt-inside-inner-col{flex-direction:column;justify-content:center;}}<\/style>\n<div class=\"wp-block-kadence-column kadence-column858_fad61b-8a\"><div class=\"kt-inside-inner-col\">\n<p style=\"margin-right:var(--wp--preset--spacing--60);margin-left:var(--wp--preset--spacing--60)\">Defekte, klemmende und \/ oder undichte Bremskraftregler sind nicht nur ein Sicherheitsrisiko im Betrieb. Verlust von Bremsfl\u00fcssigkeit sowie Unter- bzw. \u00dcberbremsung der Hinterachse k\u00f6nnen zu instabilen oder gef\u00e4hrlichen Fahrsituationen f\u00fchren. Eine Hauptuntersuchung wird so in der Regel auch nicht bestanden. F\u00fcr \u00e4ltere Modelle sind diese Bremskraftregler oft nicht mehr erh\u00e4ltlich. In vielen F\u00e4llen ist aber eine Reparatur dieser Bauteile m\u00f6glich.<\/p>\n\n\n\n<h3 class=\"wp-block-heading has-text-align-center\" style=\"text-transform:none\">Wir reparieren Bremskraftregler f\u00fcr diverse Audi-Modelle. Bei Anfragen bitte die Teilenummer angeben<\/h3>\n<\/div><\/div>\n","protected":false},"excerpt":{"rendered":"<p>Hydraulische Bremskraftverst\u00e4rker Aufleuchtende Druckwarnlampen k\u00f6nnen von einem undichten Bremskraftverst\u00e4rker (BKV) verursacht werden. Druckabbau und eingeschr\u00e4nkte Bremshilfe sind die Folgen. Hydraulische Bremskraftverst\u00e4rker sind meist langlebige Bauteile und selten die Ursache von Fehlfunktionen. \u00d6fter liegt das Problem beim Bremsdruckspeicher. Eine \u00dcberpr\u00fcfung des BKV kann am Fahrzeug durchgef\u00fchrt werden. Ist kein \u00e4u\u00dferlicher \u00d6lverlust zum Hauptbremszylinder oder Bremspedal hin&#8230;<\/p>\n","protected":false},"author":1,"featured_media":0,"parent":0,"menu_order":0,"comment_status":"closed","ping_status":"closed","template":"","meta":{"_kadence_starter_templates_imported_post":false,"_kad_post_transparent":"","_kad_post_title":"","_kad_post_layout":"","_kad_post_sidebar_id":"","_kad_post_content_style":"","_kad_post_vertical_padding":"","_kad_post_feature":"","_kad_post_feature_position":"","_kad_post_header":false,"_kad_post_footer":false,"_kad_post_classname":"","footnotes":""},"class_list":["post-858","page","type-page","status-publish","hentry"],"yoast_head":"<!-- This site is optimized with the Yoast SEO plugin v27.5 - https:\/\/yoast.com\/product\/yoast-seo-wordpress\/ -->\n<title>Bremskraftverst\u00e4rker - www.texerv.com<\/title>\n<meta name=\"description\" content=\"Eine aufleuchtende Druckwarnlampe kann von einem undichten Bremskraftverst\u00e4rker hervorgerufen werden. \u00d6lverlust und Druckabbau sind die Folge.\" \/>\n<meta name=\"robots\" content=\"index, follow, max-snippet:-1, max-image-preview:large, max-video-preview:-1\" \/>\n<link rel=\"canonical\" href=\"https:\/\/www.texerv.com\/wordpressdev\/bremskraftverstaerker\/\" \/>\n<meta property=\"og:locale\" content=\"de_DE\" \/>\n<meta property=\"og:type\" content=\"article\" \/>\n<meta property=\"og:title\" content=\"Bremskraftverst\u00e4rker - www.texerv.com\" \/>\n<meta property=\"og:description\" content=\"Eine aufleuchtende Druckwarnlampe kann von einem undichten Bremskraftverst\u00e4rker hervorgerufen werden. \u00d6lverlust und Druckabbau sind die Folge.\" \/>\n<meta property=\"og:url\" content=\"https:\/\/www.texerv.com\/wordpressdev\/bremskraftverstaerker\/\" \/>\n<meta property=\"og:site_name\" content=\"www.texerv.com\" \/>\n<meta property=\"article:modified_time\" content=\"2025-07-30T08:57:34+00:00\" \/>\n<meta property=\"og:image\" content=\"https:\/\/www.texerv.com\/wordpressdev\/wp-content\/uploads\/2024\/10\/BKV.jpg\" \/>\n\t<meta property=\"og:image:width\" content=\"600\" \/>\n\t<meta property=\"og:image:height\" content=\"398\" \/>\n\t<meta property=\"og:image:type\" content=\"image\/jpeg\" \/>\n<meta name=\"twitter:card\" content=\"summary_large_image\" \/>\n<meta name=\"twitter:label1\" content=\"Gesch\u00e4tzte Lesezeit\" \/>\n\t<meta name=\"twitter:data1\" content=\"2\u00a0Minuten\" \/>\n<script type=\"application\/ld+json\" class=\"yoast-schema-graph\">{\"@context\":\"https:\\\/\\\/schema.org\",\"@graph\":[{\"@type\":\"WebPage\",\"@id\":\"https:\\\/\\\/www.texerv.com\\\/wordpressdev\\\/bremskraftverstaerker\\\/\",\"url\":\"https:\\\/\\\/www.texerv.com\\\/wordpressdev\\\/bremskraftverstaerker\\\/\",\"name\":\"Bremskraftverst\u00e4rker - www.texerv.com\",\"isPartOf\":{\"@id\":\"https:\\\/\\\/www.texerv.com\\\/wordpressdev\\\/#website\"},\"primaryImageOfPage\":{\"@id\":\"https:\\\/\\\/www.texerv.com\\\/wordpressdev\\\/bremskraftverstaerker\\\/#primaryimage\"},\"image\":{\"@id\":\"https:\\\/\\\/www.texerv.com\\\/wordpressdev\\\/bremskraftverstaerker\\\/#primaryimage\"},\"thumbnailUrl\":\"https:\\\/\\\/texerv.com\\\/wordpressdev\\\/wp-content\\\/uploads\\\/2024\\\/10\\\/BKV.jpg\",\"datePublished\":\"2024-10-08T14:12:12+00:00\",\"dateModified\":\"2025-07-30T08:57:34+00:00\",\"description\":\"Eine aufleuchtende Druckwarnlampe kann von einem undichten Bremskraftverst\u00e4rker hervorgerufen werden. \u00d6lverlust und Druckabbau sind die Folge.\",\"breadcrumb\":{\"@id\":\"https:\\\/\\\/www.texerv.com\\\/wordpressdev\\\/bremskraftverstaerker\\\/#breadcrumb\"},\"inLanguage\":\"de\",\"potentialAction\":[{\"@type\":\"ReadAction\",\"target\":[\"https:\\\/\\\/www.texerv.com\\\/wordpressdev\\\/bremskraftverstaerker\\\/\"]}]},{\"@type\":\"ImageObject\",\"inLanguage\":\"de\",\"@id\":\"https:\\\/\\\/www.texerv.com\\\/wordpressdev\\\/bremskraftverstaerker\\\/#primaryimage\",\"url\":\"https:\\\/\\\/texerv.com\\\/wordpressdev\\\/wp-content\\\/uploads\\\/2024\\\/10\\\/BKV.jpg\",\"contentUrl\":\"https:\\\/\\\/texerv.com\\\/wordpressdev\\\/wp-content\\\/uploads\\\/2024\\\/10\\\/BKV.jpg\"},{\"@type\":\"BreadcrumbList\",\"@id\":\"https:\\\/\\\/www.texerv.com\\\/wordpressdev\\\/bremskraftverstaerker\\\/#breadcrumb\",\"itemListElement\":[{\"@type\":\"ListItem\",\"position\":1,\"name\":\"Startseite\",\"item\":\"https:\\\/\\\/www.texerv.com\\\/wordpressdev\\\/\"},{\"@type\":\"ListItem\",\"position\":2,\"name\":\"Bremskraftverst\u00e4rker\"}]},{\"@type\":\"WebSite\",\"@id\":\"https:\\\/\\\/www.texerv.com\\\/wordpressdev\\\/#website\",\"url\":\"https:\\\/\\\/www.texerv.com\\\/wordpressdev\\\/\",\"name\":\"www.texerv.com\",\"description\":\"\",\"publisher\":{\"@id\":\"https:\\\/\\\/www.texerv.com\\\/wordpressdev\\\/#organization\"},\"potentialAction\":[{\"@type\":\"SearchAction\",\"target\":{\"@type\":\"EntryPoint\",\"urlTemplate\":\"https:\\\/\\\/www.texerv.com\\\/wordpressdev\\\/?s={search_term_string}\"},\"query-input\":{\"@type\":\"PropertyValueSpecification\",\"valueRequired\":true,\"valueName\":\"search_term_string\"}}],\"inLanguage\":\"de\"},{\"@type\":\"Organization\",\"@id\":\"https:\\\/\\\/www.texerv.com\\\/wordpressdev\\\/#organization\",\"name\":\"www.texerv.com\",\"url\":\"https:\\\/\\\/www.texerv.com\\\/wordpressdev\\\/\",\"logo\":{\"@type\":\"ImageObject\",\"inLanguage\":\"de\",\"@id\":\"https:\\\/\\\/www.texerv.com\\\/wordpressdev\\\/#\\\/schema\\\/logo\\\/image\\\/\",\"url\":\"https:\\\/\\\/www.texerv.com\\\/wordpressdev\\\/wp-content\\\/uploads\\\/2024\\\/10\\\/cropped-2zahnr.jpg\",\"contentUrl\":\"https:\\\/\\\/www.texerv.com\\\/wordpressdev\\\/wp-content\\\/uploads\\\/2024\\\/10\\\/cropped-2zahnr.jpg\",\"width\":150,\"height\":142,\"caption\":\"www.texerv.com\"},\"image\":{\"@id\":\"https:\\\/\\\/www.texerv.com\\\/wordpressdev\\\/#\\\/schema\\\/logo\\\/image\\\/\"}}]}<\/script>\n<!-- \/ Yoast SEO plugin. -->","yoast_head_json":{"title":"Bremskraftverst\u00e4rker - www.texerv.com","description":"Eine aufleuchtende Druckwarnlampe kann von einem undichten Bremskraftverst\u00e4rker hervorgerufen werden. \u00d6lverlust und Druckabbau sind die Folge.","robots":{"index":"index","follow":"follow","max-snippet":"max-snippet:-1","max-image-preview":"max-image-preview:large","max-video-preview":"max-video-preview:-1"},"canonical":"https:\/\/www.texerv.com\/wordpressdev\/bremskraftverstaerker\/","og_locale":"de_DE","og_type":"article","og_title":"Bremskraftverst\u00e4rker - www.texerv.com","og_description":"Eine aufleuchtende Druckwarnlampe kann von einem undichten Bremskraftverst\u00e4rker hervorgerufen werden. \u00d6lverlust und Druckabbau sind die Folge.","og_url":"https:\/\/www.texerv.com\/wordpressdev\/bremskraftverstaerker\/","og_site_name":"www.texerv.com","article_modified_time":"2025-07-30T08:57:34+00:00","og_image":[{"width":600,"height":398,"url":"https:\/\/www.texerv.com\/wordpressdev\/wp-content\/uploads\/2024\/10\/BKV.jpg","type":"image\/jpeg"}],"twitter_card":"summary_large_image","twitter_misc":{"Gesch\u00e4tzte Lesezeit":"2\u00a0Minuten"},"schema":{"@context":"https:\/\/schema.org","@graph":[{"@type":"WebPage","@id":"https:\/\/www.texerv.com\/wordpressdev\/bremskraftverstaerker\/","url":"https:\/\/www.texerv.com\/wordpressdev\/bremskraftverstaerker\/","name":"Bremskraftverst\u00e4rker - www.texerv.com","isPartOf":{"@id":"https:\/\/www.texerv.com\/wordpressdev\/#website"},"primaryImageOfPage":{"@id":"https:\/\/www.texerv.com\/wordpressdev\/bremskraftverstaerker\/#primaryimage"},"image":{"@id":"https:\/\/www.texerv.com\/wordpressdev\/bremskraftverstaerker\/#primaryimage"},"thumbnailUrl":"https:\/\/texerv.com\/wordpressdev\/wp-content\/uploads\/2024\/10\/BKV.jpg","datePublished":"2024-10-08T14:12:12+00:00","dateModified":"2025-07-30T08:57:34+00:00","description":"Eine aufleuchtende Druckwarnlampe kann von einem undichten Bremskraftverst\u00e4rker hervorgerufen werden. \u00d6lverlust und Druckabbau sind die Folge.","breadcrumb":{"@id":"https:\/\/www.texerv.com\/wordpressdev\/bremskraftverstaerker\/#breadcrumb"},"inLanguage":"de","potentialAction":[{"@type":"ReadAction","target":["https:\/\/www.texerv.com\/wordpressdev\/bremskraftverstaerker\/"]}]},{"@type":"ImageObject","inLanguage":"de","@id":"https:\/\/www.texerv.com\/wordpressdev\/bremskraftverstaerker\/#primaryimage","url":"https:\/\/texerv.com\/wordpressdev\/wp-content\/uploads\/2024\/10\/BKV.jpg","contentUrl":"https:\/\/texerv.com\/wordpressdev\/wp-content\/uploads\/2024\/10\/BKV.jpg"},{"@type":"BreadcrumbList","@id":"https:\/\/www.texerv.com\/wordpressdev\/bremskraftverstaerker\/#breadcrumb","itemListElement":[{"@type":"ListItem","position":1,"name":"Startseite","item":"https:\/\/www.texerv.com\/wordpressdev\/"},{"@type":"ListItem","position":2,"name":"Bremskraftverst\u00e4rker"}]},{"@type":"WebSite","@id":"https:\/\/www.texerv.com\/wordpressdev\/#website","url":"https:\/\/www.texerv.com\/wordpressdev\/","name":"www.texerv.com","description":"","publisher":{"@id":"https:\/\/www.texerv.com\/wordpressdev\/#organization"},"potentialAction":[{"@type":"SearchAction","target":{"@type":"EntryPoint","urlTemplate":"https:\/\/www.texerv.com\/wordpressdev\/?s={search_term_string}"},"query-input":{"@type":"PropertyValueSpecification","valueRequired":true,"valueName":"search_term_string"}}],"inLanguage":"de"},{"@type":"Organization","@id":"https:\/\/www.texerv.com\/wordpressdev\/#organization","name":"www.texerv.com","url":"https:\/\/www.texerv.com\/wordpressdev\/","logo":{"@type":"ImageObject","inLanguage":"de","@id":"https:\/\/www.texerv.com\/wordpressdev\/#\/schema\/logo\/image\/","url":"https:\/\/www.texerv.com\/wordpressdev\/wp-content\/uploads\/2024\/10\/cropped-2zahnr.jpg","contentUrl":"https:\/\/www.texerv.com\/wordpressdev\/wp-content\/uploads\/2024\/10\/cropped-2zahnr.jpg","width":150,"height":142,"caption":"www.texerv.com"},"image":{"@id":"https:\/\/www.texerv.com\/wordpressdev\/#\/schema\/logo\/image\/"}}]}},"_links":{"self":[{"href":"https:\/\/www.texerv.com\/wordpressdev\/wp-json\/wp\/v2\/pages\/858","targetHints":{"allow":["GET"]}}],"collection":[{"href":"https:\/\/www.texerv.com\/wordpressdev\/wp-json\/wp\/v2\/pages"}],"about":[{"href":"https:\/\/www.texerv.com\/wordpressdev\/wp-json\/wp\/v2\/types\/page"}],"author":[{"embeddable":true,"href":"https:\/\/www.texerv.com\/wordpressdev\/wp-json\/wp\/v2\/users\/1"}],"replies":[{"embeddable":true,"href":"https:\/\/www.texerv.com\/wordpressdev\/wp-json\/wp\/v2\/comments?post=858"}],"version-history":[{"count":22,"href":"https:\/\/www.texerv.com\/wordpressdev\/wp-json\/wp\/v2\/pages\/858\/revisions"}],"predecessor-version":[{"id":1657,"href":"https:\/\/www.texerv.com\/wordpressdev\/wp-json\/wp\/v2\/pages\/858\/revisions\/1657"}],"wp:attachment":[{"href":"https:\/\/www.texerv.com\/wordpressdev\/wp-json\/wp\/v2\/media?parent=858"}],"curies":[{"name":"wp","href":"https:\/\/api.w.org\/{rel}","templated":true}]}}