{"id":908,"date":"2024-10-08T19:38:45","date_gmt":"2024-10-08T17:38:45","guid":{"rendered":"https:\/\/texerv.com\/wordpressdev\/?page_id=908"},"modified":"2024-11-18T06:19:07","modified_gmt":"2024-11-18T05:19:07","slug":"bremssaettel","status":"publish","type":"page","link":"https:\/\/www.texerv.com\/wordpressdev\/bremssaettel\/","title":{"rendered":"Bremss\u00e4ttel"},"content":{"rendered":"<style>.kb-row-layout-id908_254939-67 > .kt-row-column-wrap{align-content:center;}:where(.kb-row-layout-id908_254939-67 > .kt-row-column-wrap) > .wp-block-kadence-column{justify-content:center;}.kb-row-layout-id908_254939-67 > .kt-row-column-wrap{column-gap:var(--global-kb-gap-md, 2rem);row-gap:var(--global-kb-gap-md, 2rem);padding-top:var(--global-kb-spacing-sm, 1.5rem);padding-bottom:var(--global-kb-spacing-xxl, 5rem);grid-template-columns:minmax(0, 2fr) minmax(0, 1fr);}.kb-row-layout-id908_254939-67{background-image:url('https:\/\/texerv.com\/wordpressdev\/wp-content\/uploads\/2024\/10\/customkey.png');background-size:cover;background-position:50% 34%;background-attachment:scroll;background-repeat:no-repeat;}.kb-row-layout-id908_254939-67 > .kt-row-layout-overlay{opacity:0.30;}@media all and (max-width: 1024px){.kb-row-layout-id908_254939-67 > .kt-row-column-wrap{grid-template-columns:minmax(0, 2fr) minmax(0, 1fr);}}@media all and (max-width: 767px){.kb-row-layout-id908_254939-67 > .kt-row-column-wrap{grid-template-columns:minmax(0, 1fr);}}<\/style><div class=\"kb-row-layout-wrap kb-row-layout-id908_254939-67 alignnone kt-row-has-bg wp-block-kadence-rowlayout\"><div class=\"kt-row-column-wrap kt-has-2-columns kt-row-layout-left-golden kt-tab-layout-inherit kt-mobile-layout-row kt-row-valign-middle\">\n<style>.kadence-column908_2e9a19-d1 > .kt-inside-inner-col,.kadence-column908_2e9a19-d1 > .kt-inside-inner-col:before{border-top-left-radius:0px;border-top-right-radius:0px;border-bottom-right-radius:0px;border-bottom-left-radius:0px;}.kadence-column908_2e9a19-d1 > .kt-inside-inner-col{column-gap:var(--global-kb-gap-sm, 1rem);}.kadence-column908_2e9a19-d1 > .kt-inside-inner-col{flex-direction:column;}.kadence-column908_2e9a19-d1 > .kt-inside-inner-col > .aligncenter{width:100%;}.kadence-column908_2e9a19-d1 > .kt-inside-inner-col:before{opacity:0.3;}.kadence-column908_2e9a19-d1{position:relative;}@media all and (max-width: 1024px){.kadence-column908_2e9a19-d1 > .kt-inside-inner-col{flex-direction:column;justify-content:center;}}@media all and (max-width: 767px){.kadence-column908_2e9a19-d1 > .kt-inside-inner-col{flex-direction:column;justify-content:center;}}<\/style>\n<div class=\"wp-block-kadence-column kadence-column908_2e9a19-d1\"><div class=\"kt-inside-inner-col\"><\/div><\/div>\n\n\n<style>.kadence-column908_8ffcc2-9e > .kt-inside-inner-col,.kadence-column908_8ffcc2-9e > .kt-inside-inner-col:before{border-top-left-radius:0px;border-top-right-radius:0px;border-bottom-right-radius:0px;border-bottom-left-radius:0px;}.kadence-column908_8ffcc2-9e > .kt-inside-inner-col{column-gap:var(--global-kb-gap-sm, 1rem);}.kadence-column908_8ffcc2-9e > .kt-inside-inner-col{flex-direction:column;}.kadence-column908_8ffcc2-9e > .kt-inside-inner-col > .aligncenter{width:100%;}.kadence-column908_8ffcc2-9e > .kt-inside-inner-col:before{opacity:0.3;}.kadence-column908_8ffcc2-9e{position:relative;}@media all and (max-width: 1024px){.kadence-column908_8ffcc2-9e > .kt-inside-inner-col{flex-direction:column;justify-content:center;}}@media all and (max-width: 767px){.kadence-column908_8ffcc2-9e > .kt-inside-inner-col{flex-direction:column;justify-content:center;}}<\/style>\n<div class=\"wp-block-kadence-column kadence-column908_8ffcc2-9e\"><div class=\"kt-inside-inner-col\"><\/div><\/div>\n\n<\/div><\/div>\n\n\n<h2 class=\"wp-block-heading has-text-align-center\">Bremss\u00e4ttel<\/h2>\n\n\n<div class=\"wp-block-image\">\n<figure class=\"aligncenter size-large is-resized\"><img loading=\"lazy\" decoding=\"async\" width=\"1024\" height=\"680\" src=\"https:\/\/texerv.com\/wordpressdev\/wp-content\/uploads\/2024\/10\/FR1-1024x680.jpeg\" alt=\"\" class=\"wp-image-913\" style=\"width:314px;height:auto\" srcset=\"https:\/\/www.texerv.com\/wordpressdev\/wp-content\/uploads\/2024\/10\/FR1-1024x680.jpeg 1024w, https:\/\/www.texerv.com\/wordpressdev\/wp-content\/uploads\/2024\/10\/FR1-300x199.jpeg 300w, https:\/\/www.texerv.com\/wordpressdev\/wp-content\/uploads\/2024\/10\/FR1-768x510.jpeg 768w, https:\/\/www.texerv.com\/wordpressdev\/wp-content\/uploads\/2024\/10\/FR1-1536x1020.jpeg 1536w, https:\/\/www.texerv.com\/wordpressdev\/wp-content\/uploads\/2024\/10\/FR1-2048x1360.jpeg 2048w\" sizes=\"auto, (max-width: 1024px) 100vw, 1024px\" \/><\/figure>\n<\/div>\n\n\n<p style=\"margin-right:var(--wp--preset--spacing--70);margin-left:var(--wp--preset--spacing--70)\">Nicht funktionierende Feststellbremse, klemmende Kolben oder Sattelf\u00fchrungen und hei\u00dflaufende Bremse sind die h\u00e4ufigsten Folgen defekter Bremss\u00e4ttel.<\/p>\n\n\n\n<p class=\"has-text-align-left\" style=\"margin-right:var(--wp--preset--spacing--70);margin-left:var(--wp--preset--spacing--70)\">Bremss\u00e4ttel sind ab einem gewissen Alter eine regelm\u00e4\u00dfige Fehlerquelle in der Bremsanlage. Sie k\u00f6nnen klemmen, Feststellbremsmechaniken Ihren Dienst verweigern und ein Bremssattel kann auch undicht werden. Klemmende Bremsen k\u00f6nnen allerdings auch vom <a href=\"https:\/\/texerv.com\/wordpressdev\/auto-bremst-von-allein\/\">Hauptbremszylinder<\/a> verursacht werden.<\/p>\n\n\n\n<p class=\"has-text-align-left\" style=\"margin-right:var(--wp--preset--spacing--70);margin-left:var(--wp--preset--spacing--70)\">Im Markt besteht mittlerweile ein breites Angebot von preiswerten Nachbauten und Austauschteilen. Deshalb ist eine Reparatur dieser Bauteile in der Regel dann interessant, wenn es keine Neu- oder Austauschteile gibt. In den allermeisten F\u00e4llen ist eine Reparatur m\u00f6glich.<\/p>\n\n\n\n<h2 class=\"wp-block-heading has-text-align-center\" style=\"text-transform:none\">Wir reparieren unterschiedliche (PKW) Bremss\u00e4ttel die in Youngtimern verbaut sind<\/h2>\n\n\n\n<p><\/p>\n","protected":false},"excerpt":{"rendered":"<p>Bremss\u00e4ttel Nicht funktionierende Feststellbremse, klemmende Kolben oder Sattelf\u00fchrungen und hei\u00dflaufende Bremse sind die h\u00e4ufigsten Folgen defekter Bremss\u00e4ttel. Bremss\u00e4ttel sind ab einem gewissen Alter eine regelm\u00e4\u00dfige Fehlerquelle in der Bremsanlage. Sie k\u00f6nnen klemmen, Feststellbremsmechaniken Ihren Dienst verweigern und ein Bremssattel kann auch undicht werden. Klemmende Bremsen k\u00f6nnen allerdings auch vom Hauptbremszylinder verursacht werden. Im Markt besteht&#8230;<\/p>\n","protected":false},"author":1,"featured_media":0,"parent":0,"menu_order":0,"comment_status":"closed","ping_status":"closed","template":"","meta":{"_kadence_starter_templates_imported_post":false,"_kad_post_transparent":"","_kad_post_title":"","_kad_post_layout":"","_kad_post_sidebar_id":"","_kad_post_content_style":"","_kad_post_vertical_padding":"","_kad_post_feature":"","_kad_post_feature_position":"","_kad_post_header":false,"_kad_post_footer":false,"_kad_post_classname":"","footnotes":""},"class_list":["post-908","page","type-page","status-publish","hentry"],"yoast_head":"<!-- This site is optimized with the Yoast SEO plugin v27.5 - https:\/\/yoast.com\/product\/yoast-seo-wordpress\/ -->\n<title>Bremss\u00e4ttel - www.texerv.com<\/title>\n<meta name=\"description\" content=\"Feststellbremse funktioniert nicht, Bremse schleift und wird hei\u00df\" \/>\n<meta name=\"robots\" content=\"index, follow, max-snippet:-1, max-image-preview:large, max-video-preview:-1\" \/>\n<link rel=\"canonical\" href=\"https:\/\/www.texerv.com\/wordpressdev\/bremssaettel\/\" \/>\n<meta property=\"og:locale\" content=\"de_DE\" \/>\n<meta property=\"og:type\" content=\"article\" \/>\n<meta property=\"og:title\" content=\"Bremss\u00e4ttel - www.texerv.com\" \/>\n<meta property=\"og:description\" content=\"Feststellbremse funktioniert nicht, Bremse schleift und wird hei\u00df\" \/>\n<meta property=\"og:url\" content=\"https:\/\/www.texerv.com\/wordpressdev\/bremssaettel\/\" \/>\n<meta property=\"og:site_name\" content=\"www.texerv.com\" \/>\n<meta property=\"article:modified_time\" content=\"2024-11-18T05:19:07+00:00\" \/>\n<meta property=\"og:image\" content=\"https:\/\/texerv.com\/wordpressdev\/wp-content\/uploads\/2024\/10\/FR1-1024x680.jpeg\" \/>\n<meta name=\"twitter:card\" content=\"summary_large_image\" \/>\n<meta name=\"twitter:label1\" content=\"Gesch\u00e4tzte Lesezeit\" \/>\n\t<meta name=\"twitter:data1\" content=\"1\u00a0Minute\" \/>\n<script type=\"application\/ld+json\" class=\"yoast-schema-graph\">{\"@context\":\"https:\\\/\\\/schema.org\",\"@graph\":[{\"@type\":\"WebPage\",\"@id\":\"https:\\\/\\\/www.texerv.com\\\/wordpressdev\\\/bremssaettel\\\/\",\"url\":\"https:\\\/\\\/www.texerv.com\\\/wordpressdev\\\/bremssaettel\\\/\",\"name\":\"Bremss\u00e4ttel - www.texerv.com\",\"isPartOf\":{\"@id\":\"https:\\\/\\\/www.texerv.com\\\/wordpressdev\\\/#website\"},\"primaryImageOfPage\":{\"@id\":\"https:\\\/\\\/www.texerv.com\\\/wordpressdev\\\/bremssaettel\\\/#primaryimage\"},\"image\":{\"@id\":\"https:\\\/\\\/www.texerv.com\\\/wordpressdev\\\/bremssaettel\\\/#primaryimage\"},\"thumbnailUrl\":\"https:\\\/\\\/texerv.com\\\/wordpressdev\\\/wp-content\\\/uploads\\\/2024\\\/10\\\/FR1-1024x680.jpeg\",\"datePublished\":\"2024-10-08T17:38:45+00:00\",\"dateModified\":\"2024-11-18T05:19:07+00:00\",\"description\":\"Feststellbremse funktioniert nicht, Bremse schleift und wird hei\u00df\",\"breadcrumb\":{\"@id\":\"https:\\\/\\\/www.texerv.com\\\/wordpressdev\\\/bremssaettel\\\/#breadcrumb\"},\"inLanguage\":\"de\",\"potentialAction\":[{\"@type\":\"ReadAction\",\"target\":[\"https:\\\/\\\/www.texerv.com\\\/wordpressdev\\\/bremssaettel\\\/\"]}]},{\"@type\":\"ImageObject\",\"inLanguage\":\"de\",\"@id\":\"https:\\\/\\\/www.texerv.com\\\/wordpressdev\\\/bremssaettel\\\/#primaryimage\",\"url\":\"https:\\\/\\\/texerv.com\\\/wordpressdev\\\/wp-content\\\/uploads\\\/2024\\\/10\\\/FR1-1024x680.jpeg\",\"contentUrl\":\"https:\\\/\\\/texerv.com\\\/wordpressdev\\\/wp-content\\\/uploads\\\/2024\\\/10\\\/FR1-1024x680.jpeg\"},{\"@type\":\"BreadcrumbList\",\"@id\":\"https:\\\/\\\/www.texerv.com\\\/wordpressdev\\\/bremssaettel\\\/#breadcrumb\",\"itemListElement\":[{\"@type\":\"ListItem\",\"position\":1,\"name\":\"Startseite\",\"item\":\"https:\\\/\\\/www.texerv.com\\\/wordpressdev\\\/\"},{\"@type\":\"ListItem\",\"position\":2,\"name\":\"Bremss\u00e4ttel\"}]},{\"@type\":\"WebSite\",\"@id\":\"https:\\\/\\\/www.texerv.com\\\/wordpressdev\\\/#website\",\"url\":\"https:\\\/\\\/www.texerv.com\\\/wordpressdev\\\/\",\"name\":\"www.texerv.com\",\"description\":\"\",\"publisher\":{\"@id\":\"https:\\\/\\\/www.texerv.com\\\/wordpressdev\\\/#organization\"},\"potentialAction\":[{\"@type\":\"SearchAction\",\"target\":{\"@type\":\"EntryPoint\",\"urlTemplate\":\"https:\\\/\\\/www.texerv.com\\\/wordpressdev\\\/?s={search_term_string}\"},\"query-input\":{\"@type\":\"PropertyValueSpecification\",\"valueRequired\":true,\"valueName\":\"search_term_string\"}}],\"inLanguage\":\"de\"},{\"@type\":\"Organization\",\"@id\":\"https:\\\/\\\/www.texerv.com\\\/wordpressdev\\\/#organization\",\"name\":\"www.texerv.com\",\"url\":\"https:\\\/\\\/www.texerv.com\\\/wordpressdev\\\/\",\"logo\":{\"@type\":\"ImageObject\",\"inLanguage\":\"de\",\"@id\":\"https:\\\/\\\/www.texerv.com\\\/wordpressdev\\\/#\\\/schema\\\/logo\\\/image\\\/\",\"url\":\"https:\\\/\\\/www.texerv.com\\\/wordpressdev\\\/wp-content\\\/uploads\\\/2024\\\/10\\\/cropped-2zahnr.jpg\",\"contentUrl\":\"https:\\\/\\\/www.texerv.com\\\/wordpressdev\\\/wp-content\\\/uploads\\\/2024\\\/10\\\/cropped-2zahnr.jpg\",\"width\":150,\"height\":142,\"caption\":\"www.texerv.com\"},\"image\":{\"@id\":\"https:\\\/\\\/www.texerv.com\\\/wordpressdev\\\/#\\\/schema\\\/logo\\\/image\\\/\"}}]}<\/script>\n<!-- \/ Yoast SEO plugin. -->","yoast_head_json":{"title":"Bremss\u00e4ttel - www.texerv.com","description":"Feststellbremse funktioniert nicht, Bremse schleift und wird hei\u00df","robots":{"index":"index","follow":"follow","max-snippet":"max-snippet:-1","max-image-preview":"max-image-preview:large","max-video-preview":"max-video-preview:-1"},"canonical":"https:\/\/www.texerv.com\/wordpressdev\/bremssaettel\/","og_locale":"de_DE","og_type":"article","og_title":"Bremss\u00e4ttel - www.texerv.com","og_description":"Feststellbremse funktioniert nicht, Bremse schleift und wird hei\u00df","og_url":"https:\/\/www.texerv.com\/wordpressdev\/bremssaettel\/","og_site_name":"www.texerv.com","article_modified_time":"2024-11-18T05:19:07+00:00","og_image":[{"url":"https:\/\/texerv.com\/wordpressdev\/wp-content\/uploads\/2024\/10\/FR1-1024x680.jpeg","type":"","width":"","height":""}],"twitter_card":"summary_large_image","twitter_misc":{"Gesch\u00e4tzte Lesezeit":"1\u00a0Minute"},"schema":{"@context":"https:\/\/schema.org","@graph":[{"@type":"WebPage","@id":"https:\/\/www.texerv.com\/wordpressdev\/bremssaettel\/","url":"https:\/\/www.texerv.com\/wordpressdev\/bremssaettel\/","name":"Bremss\u00e4ttel - www.texerv.com","isPartOf":{"@id":"https:\/\/www.texerv.com\/wordpressdev\/#website"},"primaryImageOfPage":{"@id":"https:\/\/www.texerv.com\/wordpressdev\/bremssaettel\/#primaryimage"},"image":{"@id":"https:\/\/www.texerv.com\/wordpressdev\/bremssaettel\/#primaryimage"},"thumbnailUrl":"https:\/\/texerv.com\/wordpressdev\/wp-content\/uploads\/2024\/10\/FR1-1024x680.jpeg","datePublished":"2024-10-08T17:38:45+00:00","dateModified":"2024-11-18T05:19:07+00:00","description":"Feststellbremse funktioniert nicht, Bremse schleift und wird hei\u00df","breadcrumb":{"@id":"https:\/\/www.texerv.com\/wordpressdev\/bremssaettel\/#breadcrumb"},"inLanguage":"de","potentialAction":[{"@type":"ReadAction","target":["https:\/\/www.texerv.com\/wordpressdev\/bremssaettel\/"]}]},{"@type":"ImageObject","inLanguage":"de","@id":"https:\/\/www.texerv.com\/wordpressdev\/bremssaettel\/#primaryimage","url":"https:\/\/texerv.com\/wordpressdev\/wp-content\/uploads\/2024\/10\/FR1-1024x680.jpeg","contentUrl":"https:\/\/texerv.com\/wordpressdev\/wp-content\/uploads\/2024\/10\/FR1-1024x680.jpeg"},{"@type":"BreadcrumbList","@id":"https:\/\/www.texerv.com\/wordpressdev\/bremssaettel\/#breadcrumb","itemListElement":[{"@type":"ListItem","position":1,"name":"Startseite","item":"https:\/\/www.texerv.com\/wordpressdev\/"},{"@type":"ListItem","position":2,"name":"Bremss\u00e4ttel"}]},{"@type":"WebSite","@id":"https:\/\/www.texerv.com\/wordpressdev\/#website","url":"https:\/\/www.texerv.com\/wordpressdev\/","name":"www.texerv.com","description":"","publisher":{"@id":"https:\/\/www.texerv.com\/wordpressdev\/#organization"},"potentialAction":[{"@type":"SearchAction","target":{"@type":"EntryPoint","urlTemplate":"https:\/\/www.texerv.com\/wordpressdev\/?s={search_term_string}"},"query-input":{"@type":"PropertyValueSpecification","valueRequired":true,"valueName":"search_term_string"}}],"inLanguage":"de"},{"@type":"Organization","@id":"https:\/\/www.texerv.com\/wordpressdev\/#organization","name":"www.texerv.com","url":"https:\/\/www.texerv.com\/wordpressdev\/","logo":{"@type":"ImageObject","inLanguage":"de","@id":"https:\/\/www.texerv.com\/wordpressdev\/#\/schema\/logo\/image\/","url":"https:\/\/www.texerv.com\/wordpressdev\/wp-content\/uploads\/2024\/10\/cropped-2zahnr.jpg","contentUrl":"https:\/\/www.texerv.com\/wordpressdev\/wp-content\/uploads\/2024\/10\/cropped-2zahnr.jpg","width":150,"height":142,"caption":"www.texerv.com"},"image":{"@id":"https:\/\/www.texerv.com\/wordpressdev\/#\/schema\/logo\/image\/"}}]}},"_links":{"self":[{"href":"https:\/\/www.texerv.com\/wordpressdev\/wp-json\/wp\/v2\/pages\/908","targetHints":{"allow":["GET"]}}],"collection":[{"href":"https:\/\/www.texerv.com\/wordpressdev\/wp-json\/wp\/v2\/pages"}],"about":[{"href":"https:\/\/www.texerv.com\/wordpressdev\/wp-json\/wp\/v2\/types\/page"}],"author":[{"embeddable":true,"href":"https:\/\/www.texerv.com\/wordpressdev\/wp-json\/wp\/v2\/users\/1"}],"replies":[{"embeddable":true,"href":"https:\/\/www.texerv.com\/wordpressdev\/wp-json\/wp\/v2\/comments?post=908"}],"version-history":[{"count":19,"href":"https:\/\/www.texerv.com\/wordpressdev\/wp-json\/wp\/v2\/pages\/908\/revisions"}],"predecessor-version":[{"id":1478,"href":"https:\/\/www.texerv.com\/wordpressdev\/wp-json\/wp\/v2\/pages\/908\/revisions\/1478"}],"wp:attachment":[{"href":"https:\/\/www.texerv.com\/wordpressdev\/wp-json\/wp\/v2\/media?parent=908"}],"curies":[{"name":"wp","href":"https:\/\/api.w.org\/{rel}","templated":true}]}}